nder when 262915 is divided by 1031.
10
What is the remainder when 1151508 is divided by 71?
30
What is the remainder when 32678647 is divided by 7146?
7135
What is the remainder when 778061 is divided by 799?
634
Calculate the remainder when 10811596 is divided by 1866.
1858
What is the remainder when 29984158 is divided by 189773?
24
What is the remainder when 1889547 is divided by 171?
168
Calculate the remainder when 2229557 is divided by 743137.
146
Calculate the remainder when 515128 is divided by 192.
184
Calculate the remainder when 11663901 is divided by 816.
813
What is the remainder when 808108 is divided by 40404?
28
Calculate the remainder when 48850 is divided by 4846.
390
What is the remainder when 1416490 is divided by 1416417?
73
What is the remainder when 518000 is divided by 146?
138
Calculate the remainder when 360685 is divided by 7671.
148
What is the remainder when 8045959 is divided by 133?
124
Calculate the remainder when 5695250 is divided by 22247.
18
What is the remainder when 160807 is divided by 130?
127
What is the remainder when 4444952 is divided by 493883?
5
What is the remainder when 2598200 is divided by 6966?
6848
Calculate the remainder when 5597889 is divided by 5597746.
143
What is the remainder when 2112694 is divided by 1105?
1039
Calculate the remainder when 12939518 is divided by 640.
638
Calculate the remainder when 76106 is divided by 75067.
1039
Calculate the remainder when 5285457 is divided by 5284996.
461
What is the remainder when 37023 is divided by 33916?
3107
Calculate the remainder when 166484697 is divided by 135.
132
Calculate the remainder when 1130767 is divided by 36476.
11
Calculate the remainder when 8471408 is divided by 2.
0
What is the remainder when 6710832 is divided by 447384?
72
Calculate the remainder when 800624 is divided by 915.
914
Calculate the remainder when 43258 is divided by 1880.
18
Calculate the remainder when 804218 is divided by 47180.
2158
What is the remainder when 235571 is divided by 1812?
11
What is the remainder when 5219002 is divided by 21044?
90
What is the remainder when 277533 is divided by 3513?
6
What is the remainder when 120318117 is divided by 28?
17
Calculate the remainder when 338766 is divided by 351.
51
Calculate the remainder when 1049303 is divided by 1032.
791
Calculate the remainder when 402766 is divided by 2154.
2122
What is the remainder when 75336 is divided by 4055?
2346
What is the remainder when 90902 is divided by 18166?
72
Calculate the remainder when 2160779 is divided by 30868.
19
What is the remainder when 131622095 is divided by 74?
71
What is the remainder when 238416 is divided by 2740?
36
Calculate the remainder when 1249952 is divided by 1956.
68
What is the remainder when 50659 is divided by 1860?
439
Calculate the remainder when 190471 is divided by 6567.
28
What is the remainder when 36681 is divided by 3595?
731
Calculate the remainder when 2122173 is divided by 48230.
53
Calculate the remainder when 10318431 is divided by 927.
921
What is the remainder when 6723840 is divided by 1360?
0
What is the remainder when 310087 is divided by 151984?
6119
What is the remainder when 1177841 is divided by 532?
525
What is the remainder when 24058 is divided by 5600?
1658
What is the remainder when 358518 is divided by 680?
158
What is the remainder when 2646667 is divided by 225?
217
What is the remainder when 1805325 is divided by 601741?
102
Calculate the remainder when 41535501 is divided by 10383871.
17
Calculate the remainder when 318946143 is divided by 5898.
5895
What is the remainder when 10494864 is divided by 666?
36
What is the remainder when 70696 is divided by 512?
40
Calculate the remainder when 1472051 is divided by 302.
103
Calculate the remainder when 308775 is divided by 77188.
23
Calculate the remainder when 183952 is divided by 59670.
4942
What is the remainder when 20648699 is divided by 118?
115
Calculate the remainder when 368365 is divided by 122770.
55
What is the remainder when 8412406 is divided by 161?
156
What is the remainder when 1621779 is divided by 324288?
339
Calculate the remainder when 74517 is divided by 74373.
144
Calculate the remainder when 12747056 is divided by 115.
111
What is the remainder when 437451 is divided by 130?
1
Calculate the remainder when 1042708 is divided by 1042693.
15
Calculate the remainder when 383627 is divided by 130.
127
What is the remainder when 17552 is divided by 2164?
240
Calculate the remainder when 417350 is divided by 366.
110
What is the remainder when 220045 is divided by 746?
721
Calculate the remainder when 162041 is divided by 13501.
29
What is the remainder when 128349 is divided by 320?
29
Calculate the remainder when 5221474 is divided by 1767.
1756
What is the remainder when 17729391 is divided by 107?
26
Calculate the remainder when 7551 is divided by 6888.
663
What is the remainder when 3919939 is divided by 27?
25
What is the remainder when 21922629 is divided by 148?
129
Calculate the remainder when 6362872 is divided by 1060466.
76
Calculate the remainder when 6199 is divided by 1996.
211
What is the remainder when 375383 is divided by 478?
153
What is the remainder when 52652191 is divided by 142?
11
What is the remainder when 31995 is divided by 10404?
783
What is the remainder when 14721971 is divided by 288666?
5
What is the remainder when 355943 is divided by 2267?
24
Calculate the remainder when 56299 is divided by 3674.
1189
What is the remainder when 30433237 is divided by 3043314?
97
What is the remainder when 4994056 is divided by 802?
2
Calculate the remainder when 169359 is divided by 48.
15
What is the remainder when 11988129 is divided by 999010?
9
What is the remainder when 3784925 is divided by 1892459?
7
What is the remainder when 212068 is divided by 965?
733
Calculate the remainder when 26264219 is divided by 59556.
23
What is the remainder when 25227 is divided by 202?
179
What is the remainder when 255069 is divided by 172?
165
What is the remainder when 625175 is divided by 195?
5
Calculate the remainder when 5007178 is divided by 147269.
32
What is the remainder when 4789337 is divided by 1197325?
37
Calculate the remainder when 281636 is divided by 953.
501
Calculate the remainder when 11160 is divided by 10838.
322
Calculate the remainder when 6007 is divided by 5144.
863
What is the remainder when 148903258 is divided by 226?
220
Calculate the remainder when 32185 is divided by 60.
25
Calculate the remainder when 89310 is divided by 7393.
594
Calculate the remainder when 480226 is divided by 96041.
21
Calculate the remainder when 130462 is divided by 129373.
1089
What is the remainder when 46068 is divided by 45384?
684
Calculate the remainder when 456477 is divided by 101.
58
Calculate the remainder when 97867 is divided by 7611.
6535
What is the remainder when 44972 is divided by 4451?
462
Calculate the remainder when 53474485 is divided by 8912408.
37
What is the remainder when 409208 is divided by 1691?
1677
What is the remainder when 120327 is divided by 178?
177
Calculate the remainder when 4157895 is divided by 101412.
3
Calculate the remainder when 234905 is divided by 3912.
185
Calculate the remainder when 320192817 is divided by 571.
570
What is the remainder when 26315519 is divided by 1408?
1407
What is the remainder when 391715 is divided by 972?
971
What is the remainder when 150954 is divided by 121?
67
Calculate the remainder when 1963922 is divided by 3364.
2710
What is the remainder when 596982 is divided by 24864?
246
Calculate the remainder when 727772 is divided by 717.
17
Calculate the remainder when 10538662 is divided by 68880.
22
Calculate the remainder when 12674464 is divided by 352066.
88
Calculate the remainder when 3063880 is divided by 2080.
40
What is the remainder when 2283315 is divided by 570685?
575
Calculate the remainder when 108900 is divided by 701.
245
Calculate the remainder when 35213 is divided by 31851.
3362
Calculate the remainder when 41019752 is divided by 149707.
34
What is the remainder when 2198498 is divided by 2198489?
9
What is the remainder when 15005165 is divided by 514?
477
What is the remainder when 79948 is divided by 9753?
1924
What is the remainder w